{"id":391,"date":"2024-05-02T20:53:35","date_gmt":"2024-05-02T18:53:35","guid":{"rendered":"https:\/\/www.sabatelli-boxing.lu\/?page_id=391"},"modified":"2025-12-24T23:34:09","modified_gmt":"2025-12-24T22:34:09","slug":"kids-boxing-boxe-pour-enfants","status":"publish","type":"page","link":"https:\/\/www.sabatelli-boxing.lu\/index.php\/kids-boxing-boxe-pour-enfants\/","title":{"rendered":"Kids Boxing &#8211; Boxe pour enfants"},"content":{"rendered":"\n<p><\/p>\n\n\n\n<figure class=\"wp-block-image size-large has-custom-border wp-duotone-000000-d4d4d4-1\"><img loading=\"lazy\" decoding=\"async\" width=\"2000\" height=\"1333\" src=\"https:\/\/www.sabatelli-boxing.lu\/wp-content\/uploads\/2025\/12\/IMG_9247-edited.jpg\" alt=\"\" class=\"wp-image-810\" style=\"border-width:1px\" srcset=\"https:\/\/www.sabatelli-boxing.lu\/wp-content\/uploads\/2025\/12\/IMG_9247-edited.jpg 2000w, https:\/\/www.sabatelli-boxing.lu\/wp-content\/uploads\/2025\/12\/IMG_9247-edited-300x200.jpg 300w, https:\/\/www.sabatelli-boxing.lu\/wp-content\/uploads\/2025\/12\/IMG_9247-edited-1024x682.jpg 1024w, https:\/\/www.sabatelli-boxing.lu\/wp-content\/uploads\/2025\/12\/IMG_9247-edited-768x512.jpg 768w, https:\/\/www.sabatelli-boxing.lu\/wp-content\/uploads\/2025\/12\/IMG_9247-edited-1536x1024.jpg 1536w, https:\/\/www.sabatelli-boxing.lu\/wp-content\/uploads\/2025\/12\/IMG_9247-edited-1170x780.jpg 1170w, https:\/\/www.sabatelli-boxing.lu\/wp-content\/uploads\/2025\/12\/IMG_9247-edited-600x400.jpg 600w\" sizes=\"auto, (max-width: 2000px) 100vw, 2000px\" \/><\/figure>\n\n\n\n<blockquote class=\"wp-block-quote is-layout-flow wp-block-quote-is-layout-flow\">\n<p class=\"has-text-align-center\">Une approche ludique et s\u00e9curis\u00e9e de la boxe, permettant aux enfants de d\u00e9couvrir le sport tout en d\u00e9veloppant confiance en soi, coordination et respect des autres.<\/p>\n<\/blockquote>\n\n\n\n<hr class=\"wp-block-separator has-alpha-channel-opacity is-style-dots\"\/>\n\n\n\n<hr class=\"wp-block-separator has-alpha-channel-opacity is-style-dots\"\/>\n\n\n\n<div class=\"wp-block-buttons is-content-justification-center is-layout-flex wp-container-core-buttons-is-layout-a89b3969 wp-block-buttons-is-layout-flex\">\n<div class=\"wp-block-button is-style-ona-button-arrow-icon\"><a class=\"wp-block-button__link has-background-color has-text-color has-background has-link-color wp-element-button\" href=\"https:\/\/www.sabatelli-boxing.lu\/index.php\/demande-dinscription-au-sabatelli-boxing-club\/\" style=\"border-width:2px;border-top-left-radius:62px;border-top-right-radius:62px;border-bottom-left-radius:62px;border-bottom-right-radius:62px;background-color:#881a1a\">D\u00e9couvrir les abonnements<\/a><\/div>\n<\/div>\n\n\n\n<hr class=\"wp-block-separator has-alpha-channel-opacity is-style-dots\"\/>\n\n\n\n<hr class=\"wp-block-separator has-alpha-channel-opacity is-style-dots\"\/>\n\n\n\n<h3 class=\"wp-block-heading has-text-align-center\">Objectifs<\/h3>\n\n\n\n<ul class=\"wp-block-list\">\n<li>D\u00e9velopper la coordination, la motricit\u00e9 et la condition physique<\/li>\n\n\n\n<li>Renforcer la confiance en soi<\/li>\n\n\n\n<li>Apprendre le respect, la discipline et l\u2019esprit d\u2019\u00e9quipe<\/li>\n<\/ul>\n\n\n\n<hr class=\"wp-block-separator has-alpha-channel-opacity is-style-default\"\/>\n\n\n\n<h3 class=\"wp-block-heading has-text-align-center\">Contenu des entra\u00eenements<\/h3>\n\n\n\n<ul class=\"wp-block-list\">\n<li>Techniques de base de boxe<\/li>\n\n\n\n<li>Jeux \u00e9ducatifs et exercices d\u2019agilit\u00e9<\/li>\n\n\n\n<li>Travail de coordination et d\u00e9placements<\/li>\n<\/ul>\n\n\n\n<hr class=\"wp-block-separator has-alpha-channel-opacity\"\/>\n\n\n\n<h3 class=\"wp-block-heading has-text-align-center\">Encadrement<\/h3>\n\n\n\n<p>Les entra\u00eenements sont encadr\u00e9s par des coachs qualifi\u00e9s, attentifs \u00e0 la s\u00e9curit\u00e9 et au bien-\u00eatre des enfants, dans une ambiance positive et motivante.<\/p>\n\n\n\n<figure class=\"wp-block-image aligncenter size-large is-resized has-custom-border\"><img loading=\"lazy\" decoding=\"async\" width=\"747\" height=\"1024\" src=\"https:\/\/www.sabatelli-boxing.lu\/wp-content\/uploads\/2025\/12\/510368cb-6a89-486a-a476-305202efccf6-1-747x1024.jpg\" alt=\"\" class=\"has-border-color has-headings-border-color wp-image-813\" style=\"border-width:1px;aspect-ratio:0.7294948311618409;object-fit:cover;width:358px;height:auto\" srcset=\"https:\/\/www.sabatelli-boxing.lu\/wp-content\/uploads\/2025\/12\/510368cb-6a89-486a-a476-305202efccf6-1-747x1024.jpg 747w, https:\/\/www.sabatelli-boxing.lu\/wp-content\/uploads\/2025\/12\/510368cb-6a89-486a-a476-305202efccf6-1-219x300.jpg 219w, https:\/\/www.sabatelli-boxing.lu\/wp-content\/uploads\/2025\/12\/510368cb-6a89-486a-a476-305202efccf6-1-768x1053.jpg 768w, https:\/\/www.sabatelli-boxing.lu\/wp-content\/uploads\/2025\/12\/510368cb-6a89-486a-a476-305202efccf6-1-1120x1536.jpg 1120w, https:\/\/www.sabatelli-boxing.lu\/wp-content\/uploads\/2025\/12\/510368cb-6a89-486a-a476-305202efccf6-1-1170x1605.jpg 1170w, https:\/\/www.sabatelli-boxing.lu\/wp-content\/uploads\/2025\/12\/510368cb-6a89-486a-a476-305202efccf6-1-600x823.jpg 600w, https:\/\/www.sabatelli-boxing.lu\/wp-content\/uploads\/2025\/12\/510368cb-6a89-486a-a476-305202efccf6-1.jpg 1286w\" sizes=\"auto, (max-width: 747px) 100vw, 747px\" \/><\/figure>\n","protected":false},"excerpt":{"rendered":"<p>Une approche ludique et s\u00e9curis\u00e9e de la boxe, permettant aux enfants de d\u00e9couvrir le sport tout en d\u00e9veloppant confiance en soi, coordination et respect des autres. Objectifs Contenu des entra\u00eenements Encadrement Les entra\u00eenements sont encadr\u00e9s par des coachs qualifi\u00e9s, attentifs \u00e0 la s\u00e9curit\u00e9 et au bien-\u00eatre des enfants, dans une ambiance positive et motivante.<\/p>\n","protected":false},"author":1,"featured_media":0,"parent":0,"menu_order":0,"comment_status":"closed","ping_status":"closed","template":"","meta":{"footnotes":""},"class_list":["post-391","page","type-page","status-publish","hentry"],"_links":{"self":[{"href":"https:\/\/www.sabatelli-boxing.lu\/index.php\/wp-json\/wp\/v2\/pages\/391","targetHints":{"allow":["GET"]}}],"collection":[{"href":"https:\/\/www.sabatelli-boxing.lu\/index.php\/wp-json\/wp\/v2\/pages"}],"about":[{"href":"https:\/\/www.sabatelli-boxing.lu\/index.php\/wp-json\/wp\/v2\/types\/page"}],"author":[{"embeddable":true,"href":"https:\/\/www.sabatelli-boxing.lu\/index.php\/wp-json\/wp\/v2\/users\/1"}],"replies":[{"embeddable":true,"href":"https:\/\/www.sabatelli-boxing.lu\/index.php\/wp-json\/wp\/v2\/comments?post=391"}],"version-history":[{"count":23,"href":"https:\/\/www.sabatelli-boxing.lu\/index.php\/wp-json\/wp\/v2\/pages\/391\/revisions"}],"predecessor-version":[{"id":839,"href":"https:\/\/www.sabatelli-boxing.lu\/index.php\/wp-json\/wp\/v2\/pages\/391\/revisions\/839"}],"wp:attachment":[{"href":"https:\/\/www.sabatelli-boxing.lu\/index.php\/wp-json\/wp\/v2\/media?parent=391"}],"curies":[{"name":"wp","href":"https:\/\/api.w.org\/{rel}","templated":true}]}}