{"id":939,"date":"2026-01-07T09:48:51","date_gmt":"2026-01-07T08:48:51","guid":{"rendered":"https:\/\/www.sabatelli-boxing.lu\/?page_id=939"},"modified":"2026-01-07T09:48:51","modified_gmt":"2026-01-07T08:48:51","slug":"939-2","status":"publish","type":"page","link":"https:\/\/www.sabatelli-boxing.lu\/index.php\/939-2\/","title":{"rendered":""},"content":{"rendered":"\n<p data-wp-context---core-fit-text=\"core\/fit-text::{&quot;fontSize&quot;:&quot;&quot;}\" data-wp-init---core-fit-text=\"core\/fit-text::callbacks.init\" data-wp-interactive data-wp-style--font-size=\"core\/fit-text::context.fontSize\" class=\"has-fit-text has-foreground-color has-text-color has-link-color wp-elements-fa8a7595189c490fcfd4d1cac48dcda5\"><strong>Merci pour votre inscription !<\/strong><\/p>\n\n\n\n<h2 class=\"wp-block-heading has-text-align-center has-system-font-font-family\"><strong>Votre paiement a bien \u00e9t\u00e9 effectu\u00e9.<\/strong><\/h2>\n\n\n\n<p class=\"has-text-align-center has-foreground-color has-text-color has-link-color wp-elements-19bf3469da92df2c6db1589014a72d89\"><br>Nous vous remercions pour votre confiance et sommes ravis de vous accueillir au <strong>Sabatelli Boxing Club Luxembourg<\/strong>.<\/p>\n\n\n\n<p class=\"has-text-align-center has-foreground-color has-text-color has-link-color wp-elements-60fbb714e7b8661be67a29b3aff675ce\">Votre cours d\u2019essai est d\u00e9sormais <strong>confirm\u00e9<\/strong>.<\/p>\n\n\n\n<p class=\"has-text-align-center has-foreground-color has-text-color has-link-color wp-elements-7e7491122f2fc5fbaec385e2a2cb6274\">Si vous avez la moindre question, vous pouvez nous contacter \u00e0 :<br><strong><a>secretariat@sabatelli-boxing.lu<\/a><\/strong> <\/p>\n\n\n\n<div class=\"wp-block-buttons is-content-justification-center is-layout-flex wp-container-core-buttons-is-layout-a89b3969 wp-block-buttons-is-layout-flex\">\n<div class=\"wp-block-button is-style-ona-button-arrow-icon\"><a class=\"wp-block-button__link has-background wp-element-button\" href=\"https:\/\/www.sabatelli-boxing.lu\/\" style=\"background-color:#f08c45\">Retour \u00e0 l\u2019accueil<\/a><\/div>\n<\/div>\n\n\n\n<p><\/p>\n\n\n\n<figure class=\"wp-block-image alignwide size-large\"><img loading=\"lazy\" decoding=\"async\" width=\"1024\" height=\"683\" src=\"https:\/\/www.sabatelli-boxing.lu\/wp-content\/uploads\/2026\/01\/pexels-julia-larson-6456264-1024x683.jpg\" alt=\"\" class=\"wp-image-940\" srcset=\"https:\/\/www.sabatelli-boxing.lu\/wp-content\/uploads\/2026\/01\/pexels-julia-larson-6456264-1024x683.jpg 1024w, https:\/\/www.sabatelli-boxing.lu\/wp-content\/uploads\/2026\/01\/pexels-julia-larson-6456264-300x200.jpg 300w, https:\/\/www.sabatelli-boxing.lu\/wp-content\/uploads\/2026\/01\/pexels-julia-larson-6456264-768x512.jpg 768w, https:\/\/www.sabatelli-boxing.lu\/wp-content\/uploads\/2026\/01\/pexels-julia-larson-6456264-1536x1024.jpg 1536w, https:\/\/www.sabatelli-boxing.lu\/wp-content\/uploads\/2026\/01\/pexels-julia-larson-6456264-2048x1365.jpg 2048w, https:\/\/www.sabatelli-boxing.lu\/wp-content\/uploads\/2026\/01\/pexels-julia-larson-6456264-1170x780.jpg 1170w, https:\/\/www.sabatelli-boxing.lu\/wp-content\/uploads\/2026\/01\/pexels-julia-larson-6456264-600x400.jpg 600w\" sizes=\"auto, (max-width: 1024px) 100vw, 1024px\" \/><\/figure>\n\n\n\n<p><\/p>\n","protected":false},"excerpt":{"rendered":"<p>Merci pour votre inscription ! Votre paiement a bien \u00e9t\u00e9 effectu\u00e9. Nous vous remercions pour votre confiance et sommes ravis de vous accueillir au Sabatelli Boxing Club Luxembourg. Votre cours d\u2019essai est d\u00e9sormais confirm\u00e9. Si vous avez la moindre question, vous pouvez nous contacter \u00e0 :secretariat@sabatelli-boxing.lu<\/p>\n","protected":false},"author":1,"featured_media":0,"parent":0,"menu_order":0,"comment_status":"closed","ping_status":"closed","template":"","meta":{"footnotes":""},"class_list":["post-939","page","type-page","status-publish","hentry"],"_links":{"self":[{"href":"https:\/\/www.sabatelli-boxing.lu\/index.php\/wp-json\/wp\/v2\/pages\/939","targetHints":{"allow":["GET"]}}],"collection":[{"href":"https:\/\/www.sabatelli-boxing.lu\/index.php\/wp-json\/wp\/v2\/pages"}],"about":[{"href":"https:\/\/www.sabatelli-boxing.lu\/index.php\/wp-json\/wp\/v2\/types\/page"}],"author":[{"embeddable":true,"href":"https:\/\/www.sabatelli-boxing.lu\/index.php\/wp-json\/wp\/v2\/users\/1"}],"replies":[{"embeddable":true,"href":"https:\/\/www.sabatelli-boxing.lu\/index.php\/wp-json\/wp\/v2\/comments?post=939"}],"version-history":[{"count":4,"href":"https:\/\/www.sabatelli-boxing.lu\/index.php\/wp-json\/wp\/v2\/pages\/939\/revisions"}],"predecessor-version":[{"id":944,"href":"https:\/\/www.sabatelli-boxing.lu\/index.php\/wp-json\/wp\/v2\/pages\/939\/revisions\/944"}],"wp:attachment":[{"href":"https:\/\/www.sabatelli-boxing.lu\/index.php\/wp-json\/wp\/v2\/media?parent=939"}],"curies":[{"name":"wp","href":"https:\/\/api.w.org\/{rel}","templated":true}]}}